t common factor of n and f.
7
Suppose -32 = -0*b - b. Let y be 2/(4 + (-651)/168). Calculate the highest common factor of y and b.
16
Suppose 0 = 9*i - 4*i - 130. Calculate the highest common factor of 6 and i.
2
Let b = -32 - -62. Let y be (4/(-9 + 13))/(4/1800*3). What is the greatest common factor of b and y?
30
Suppose -3*u - 2*u = -3*u. Suppose u = 4*k + 5*t - 37 - 11, 0 = k - 4*t + 9. What is the highest common factor of 14 and k?
7
Suppose u - 18 = 3*y + 20, 4*y - 26 = -2*u. Suppose -4*w - 2*g = -58, -2*w + g = -0*g - u. What is the highest common divisor of w and 299?
13
Let h = 29 + -16. Let p(v) = -v**2 + 10*v - 8. Let b be (-4)/14 - (-102)/14. Let m be p(b). Calculate the highest common factor of h and m.
13
Let x be 19 + 2/(-1 + -1). Let b be 9*(56/7 + 2). What is the greatest common factor of b and x?
18
Let m(x) be the second derivative of x**3/6 - 3*x**2 + 4*x. Let v be m(13). Suppose 4*n = v*n - 75. What is the greatest common factor of 75 and n?
25
Let l be -117 - (2/(-3) + 20/(-15)). Let j = l + 122. Calculate the highest common factor of 7 and j.
7
Let d(z) = -z**2 + 10*z + 23. Let x be d(11). Suppose 17 + x = a. What is the highest common divisor of a and 29?
29
Let i(a) = 3*a + 2. Let u be i(3). What is the greatest common factor of 1331 and u?
11
Let g = 45 + -83. Let f = g + 53. Calculate the highest common divisor of f and 6.
3
Suppose -3*f - 2*s + 7 = 0, 5*s - 5 = -3*f + s. Suppose -7*q = -10 + f. What is the greatest common divisor of 9 and q?
1
Let i = 1111 + -1098. What is the highest common divisor of 325 and i?
13
Suppose -2*p - 3*f = -494, -2*p + 3*f + 21 + 473 = 0. Suppose -2*o + 4*s + p = -85, -5*o - s + 885 = 0. What is the greatest common factor of o and 22?
22
Let z = -243 + 246. What is the greatest common factor of z and 7?
1
Suppose 9*q - 720 = -q. Calculate the highest common divisor of q and 54.
18
Let w(v) = 3*v - 7. Let g be w(-16). Let r be 0 + (-3510)/g - (-2)/11. Calculate the highest common divisor of r and 16.
16
Suppose -r - 9*r - 20 = 0. Let v be ((-93)/r)/(6/12). What is the greatest common factor of v and 62?
31
Let n(v) = v - 4. Let k be n(7). Let p be (7 + 96/(-15))/(2/40). Calculate the highest common factor of k and p.
3
Let n be 12544/686 + 2/(-21)*3. Suppose -3*j = 2*z - 240 - 153, -5*z - j = -989. What is the greatest common divisor of n and z?
18
Let i be -2 - (-1489 - 5)/3. What is the highest common divisor of i and 93?
31
Let a = 20 + -16. Let k be 4 - 2*(-5 + a). What is the highest common divisor of 18 and k?
6
Let k(g) = 6 - 9*g - 9*g - 2 + 20 + g**2. Let v be k(17). What is the greatest common factor of 28 and v?
7
Let x be (-36)/(-16) - 1/4. Suppose 4*w - 4*t - 147 = -9*t, -78 = -x*w + 2*t. Let c = w + -20. What is the greatest common factor of c and 18?
18
Let n be 2 - 5/((-20)/4). Suppose n*m - 3 - 27 = 0. Calculate the greatest common divisor of 2 and m.
2
Suppose y = 5*b - 703, -427 = -4*b + 5*y + 148. Calculate the highest common divisor of 182 and b.
14
Let r be ((-256)/(-80))/(2/10). Calculate the greatest common factor of r and 704.
16
Suppose -13*j + 1338 + 118 = 0. Calculate the greatest common factor of j and 266.
14
Suppose -4*k - 419 = -z, -k = z + z - 847. Let q = 715 - z. Suppose 3*n - q = -52. What is the greatest common factor of 32 and n?
16
Suppose b + 30 - 96 = -3*l, -66 = -b + 5*l. Suppose a + 0*a + 158 = 5*c, 0 = -2*c - a + b. Let o = 26 - -70. Calculate the highest common divisor of c and o.
32
Let o(n) = 2*n**3 - 17*n**2 - 18*n - 6. Let r be o(10). Calculate the greatest common divisor of r and 54.
6
Suppose 1859 - 707 = 4*b + 4*w, -4*w - 864 = -3*b. What is the highest common divisor of 480 and b?
96
Let c(i) = -115*i**3 - i**2 + 2*i + 2. Let b be c(-1). Let y be (1 + -2)*(-2 - (b - 1)). Calculate the highest common factor of 46 and y.
23
Let l(g) = -g**2 - 13*g + 9. Let c be l(-13). Suppose c + 91 = 4*s. What is the highest common divisor of s and 25?
25
Let x(n) = n - 4. Let a be x(9). Suppose 2*l = -2*s + 6, -a*l + 3*l + 16 = 4*s. Let i be -50*1/(5/l). What is the highest common divisor of 10 and i?
10
Let h(i) = -i**2 - 27*i + 11. Suppose 0*v - 51 = 2*u - v, 0 = 2*v + 6. Let k be h(u). What is the highest common factor of 176 and k?
11
Suppose o = 63 + 24. Let n = 189 + -93. Suppose w + 23 + 126 = 5*r, -4*r = 5*w - n. Calculate the greatest common divisor of r and o.
29
Suppose 0 = -2*k + 8, -5*p + 2*k + 607 = -0*p. Calculate the greatest common factor of 6 and p.
3
Let t(s) = 110*s - 46. Let v be t(12). Calculate the greatest common divisor of v and 26.
26
Let y = 259 - 42. Suppose -9*n = -y - 107. What is the greatest common factor of n and 12?
12
Let t = -4394 + 8090. What is the greatest common divisor of 12 and t?
12
Let o(i) = i + 170. Let m be o(39). What is the highest common factor of m and 33?
11
Let n = -13 + 22. Let h be n/(-7) + 4/14. Let m be (-3)/h*(-44)/(-6). Calculate the highest common divisor of 198 and m.
22
Let z = -92 + 93. Let c be (z - -269)/3 - (3 + -3). Calculate the highest common factor of c and 10.
10
Suppose 0 = 2*q + 2*q - d + 45, d + 32 = -3*q. Let p = q - -23. Let k = -80 + 188. What is the greatest common divisor of k and p?
12
Let s = 294 - 287. What is the greatest common divisor of 175 and s?
7
Suppose 2*n = 5*w - 500, -5*w + 500 = -0*n + n. Suppose 4*g - 5*b = 180, 278 - 66 = 5*g - 3*b. What is the highest common divisor of g and w?
20
Let q be -255*(132/(-9) + 11). Calculate the greatest common divisor of 85 and q.
85
Let v(o) = -o**2 + 6*o. Let g be v(5). Suppose -9055 - 28421 = -36*w. Suppose -g*h - 131 = -w. What is the highest common divisor of 26 and h?
26
Let c = 2 + 14. Let d = 25 + -21. Suppose -2*z + 232 = d*v, 4*z + v - 444 = 3*v. What is the greatest common factor of z and c?
16
Suppose 4*x - 2*x = l - 19, 0 = x + 2. What is the greatest common divisor of l and 45?
15
Let w(n) = 17*n + 7. Suppose -33 + 13 = -4*m. Let f be w(m). Let b be (-5)/((-10)/f) + 2. Calculate the greatest common divisor of b and 16.
16
Suppose 0 = 5*z + 8 + 22. Let i be (z/9)/((-1)/12). Let b(c) = c**2 - 4*c - 5. Let q be b(i). Calculate the greatest common divisor of q and 3.
3
Let n = 75 - 76. Let p be (2 - 12/4)*43*n. What is the highest common factor of 473 and p?
43
Suppose -4*v + 5*p + 946 = 0, -4*v = v + 2*p - 1166. Let i(u) = 2*u**2 - 5*u - 7. Let x be i(5). What is the greatest common factor of x and v?
18
Let r = 318 + -258. Calculate the greatest common factor of 420 and r.
60
Let n(p) = 1 + p**2 - 13 + 13*p + 9 + 12*p**2. Let i be n(5). Calculate the greatest common divisor of i and 43.
43
Suppose 41*i - 44*i + 18 = 0. What is the greatest common divisor of 750 and i?
6
Let r(m) = -39*m - 24. Let y be r(-6). Let s = y - 110. Calculate the highest common factor of 25 and s.
25
Let u(w) = -29*w + 622. Let m be u(-13). Calculate the highest common factor of m and 18.
9
Suppose -29*r - 53*r + 33*r + 343 = 0. Suppose 3*q - 5*b = 100, -2*q + 2*b + 65 = -3*b. What is the greatest common factor of r and q?
7
Suppose -2*d + 4*d - 240 = 0. Suppose 3*f - m - 360 = -2*m, f = 3*m + d. Let g be f/(-9)*90/(-25). Calculate the highest common factor of 24 and g.
24
Let f(l) = -l - 5. Let j be f(-13). Let m(n) = 2*n + 4. Let r be m(j). Calculate the highest common factor of r and 4.
4
Let g be (-27)/(-6)*(3 - -7) + -6. What is the greatest common divisor of g and 156?
39
Suppose 0 = 3*u - 4*l - 75, -24*l + 20*l = -12. Calculate the highest common factor of u and 29.
29
Let n = -55 - -57. Suppose -o = 4, 7*d + 4*o = n*d + 64. Let s be (-16)/(-2 + 45/24). Calculate the greatest common divisor of s and d.
16
Let r = 934 - 598. What is the highest common factor of 210 and r?
42
Let c(l) = 2*l + 12. Let r = 14 + -14. Let s be c(r). Calculate the highest common divisor of 6 and s.
6
Let b(t) = -t**3 + 9*t**2 - 9*t + 11. Let u be b(8). Suppose -u*h - 35 = -59. Calculate the highest common divisor of h and 16.
8
Suppose -3*f + 15 = 0, -5*h + 2*f = -2*f - 90. Calculate the greatest common divisor of h and 176.
22
Let a be 144/40*(-3 - 2). Let c(u) = u**2 + 16*u + 3. Let x be c(a). Calculate the highest common factor of 156 and x.
39
Suppose 5452*k = 5451*k + 5. Suppose 0 = -5*n - 3*t + 134, 2*n - 3*n = -5*t - 10. What is the highest co